100100?
-1001000
In base 12, what is -31 + 7?
-26
In base 7, what is 1 + -20?
-16
In base 10, what is -87352 + -4?
-87356
In base 16, what is 5 + 6bf?
6c4
In base 16, what is a3 - 3?
a0
In base 2, what is -10 + -10101100011?
-10101100101
In base 5, what is -123 - -10?
-113
In base 14, what is -1 + 1714?
1713
In base 3, what is 112 + -1011211?
-1011022
In base 11, what is 1 + -7?
-6
In base 6, what is 3314 - 2?
3312
In base 9, what is 28 - -107?
136
In base 11, what is 3 - 390?
-388
In base 7, what is 3155 - -4?
3162
In base 9, what is -1512 - 0?
-1512
In base 2, what is -10100000 + -11?
-10100011
In base 2, what is 1 - -101000111?
101001000
In base 12, what is -5b + 21?
-3a
In base 5, what is 23 - -4?
32
In base 10, what is -3 + -169?
-172
In base 14, what is 0 - 285d?
-285d
In base 4, what is 2302 - 3?
2233
In base 2, what is -111 + -101000111100?
-101001000011
In base 4, what is -10301030 - 11?
-10301101
In base 5, what is 2 + -4444?
-4442
In base 9, what is 115 - -4?
120
In base 3, what is -120021 + 1110?
-111211
In base 3, what is -1222012220 - 1?
-1222012221
In base 7, what is -5532 - -3?
-5526
In base 10, what is -1 - -43?
42
In base 4, what is 2231 + -2?
2223
In base 6, what is 30 + -11?
15
In base 7, what is -1061 - -5?
-1053
In base 9, what is -84 + 4?
-80
In base 13, what is -7 + 7?
0
In base 13, what is -a - -a1?
94
In base 7, what is 1 - 344?
-343
In base 5, what is -12011 + -1?
-12012
In base 3, what is -101 + 11?
-20
In base 3, what is 11222 + 12?
12011
In base 7, what is 5 - 32?
-24
In base 7, what is 6 + 1505?
1514
In base 5, what is -1 - 4414?
-4420
In base 13, what is 5 + 456?
45b
In base 13, what is -9 + 12?
6
In base 13, what is -17c - -23?
-159
In base 15, what is 0 + -90?
-90
In base 4, what is -11 - 222?
-233
In base 4, what is 0 + -101130?
-101130
In base 6, what is -5 - -53?
44
In base 10, what is 3305 - -1?
3306
In base 15, what is -216 - -4?
-212
In base 11, what is -11 - 10?
-21
In base 16, what is -c4 - -3?
-c1
In base 13, what is 2 + 154?
156
In base 12, what is 2 + -53?
-51
In base 6, what is 2 + 15532?
15534
In base 10, what is -2 - -83?
81
In base 3, what is -1221 - 10000?
-11221
In base 16, what is -4 + 6e?
6a
In base 2, what is 1001111000 + 100?
1001111100
In base 13, what is -5 + -25a?
-262
In base 14, what is 52 - -85?
d7
In base 14, what is -c - 2?
-10
In base 6, what is 45 + 1?
50
In base 9, what is 44 - -5?
50
In base 2, what is -1000 - -110?
-10
In base 11, what is -1 - 36?
-37
In base 15, what is 2 - -27?
29
In base 11, what is 2 - -212?
214
In base 4, what is 10 + -2202?
-2132
In base 3, what is 110 + 11011?
11121
In base 3, what is 2 + 1001110?
1001112
In base 9, what is -1 - 60?
-61
In base 8, what is -10 - 23?
-33
In base 2, what is 10100 + -101?
1111
In base 12, what is -276 + 4?
-272
In base 16, what is 1e - -33?
51
In base 7, what is -4052 + 4?
-4045
In base 12, what is 14 + 238?
250
In base 10, what is 4 - -219?
223
In base 12, what is 7153 + 2?
7155
In base 16, what is -8 - -5?
-3
In base 9, what is 5 - -2?
7
In base 8, what is -4 + -42?
-46
In base 11, what is 22 + 13?
35
In base 14, what is 119 + 42?
15b
In base 10, what is -38 - -2?
-36
In base 7, what is 16230 - 5?
16222
In base 6, what is 4 + -4544?
-4540
In base 2, what is 11 - -1001111?
1010010
In base 8, what is 2 - 26?
-24
In base 13, what is -4 - 45c?
-463
In base 14, what is -1 - 185?
-186
In base 12, what is -804 - -9?
-7b7
In base 4, what is -2 + -122120?
-122122
In base 7, what is -4 - 30316?
-30323
In base 4, what is 31 - 130?
-33
In base 7, what is -4 - 23?
-30
In base 13, what is 1c5 + -6?
1bc
In base 13, what is 5 + 107?
10c
In base 2, what is -11111 - 11000111?
-11100110
In base 15, what is 6 - -5?
b
In base 8, what is -1 - 54?
-55
In base 5, what is 1 - 402?
-401
In base 16, what is -2f3 - -4?
-2ef
In base 11, what is -3 - 13?
-16
In base 13, what is -a + b?
1
In base 6, what is -2 + 13051?
13045
In base 14, what is -15dd - 4?
-1603
In base 11, what is 244 + 1?
245
In base 5, what is 3 - 23431?
-23423
In base 3, what is 112120 + 12?
112202
In base 2, what is -11000011110 + 0?
-11000011110
In base 11, what is -5 - -1632?
1628
In base 7, what is 220 + -135?
52
In base 16, what is 67d3 + -5?
67ce
In base 15, what is 34 - 38?
-4
In base 7, what is 61 + -10?
51
In base 7, what is -40 + -6?
-46
In base 6, what is -14120 + 3?
-14113
In base 13, what is 11a5 - 0?
11a5
In base 9, what is 45 + 2?
47
In base 6, what is 141 - 1403?
-1222
In base 4, what is -23 - 2?
-31
In base 9, what is 4 + 3652?
3656
In base 8, what is -5 - -1363?
1356
In base 12, what is -669 - -5?
-664
In base 15, what is -5 + 95?
90
In base 2, what is 111111 - -100101?
1100100
In base 7, what is -23 + 4?
-16
In base 6, what is 2 - -10152?
10154
In base 3, what is -122202 - -12?
-122120
In base 6, what is -3 - 35?
-42
In base 8, what is 53 - -261?
334
In base 5, what is -2 - -12?
10
In base 6, what is 132 - -2?
134
In base 12, what is -61 - 2?
-63
In base 3, what is -2000110 + -111?
-2000221
In base 9, what is -47 - 248?
-306
In base 3, what is -10 + 1100022?
1100012
In base 6, what is 4 - -153?
201
In base 3, what is 11021 + -11?
11010
In base 10, what is 17 - 2?
15
In base 3, what is -211 - 202201?
-210112
In base 7, what is -365 + 24?
-341
In base 5, what is 4 - 142?
-133
In base 3, what is 10 + 1110100?
1110110
In base 12, what is -317 + 2?
-315
In base 8, what is 57 - -1?
60
In base 10, what is 3 - 3?
0
In base 12, what is 4 - 89?
-85
In base 13, what is 6 + 1b?
24
In base 7, what is 55 + 23?
111
In base 16, what is 7c - 0?
7c
In base 10, what is -1 - -1151?
1150
In base 15, what is 472 + 2?
474
In base 9, what is 3 + -8176?
-8173
In base 14, what is 1a3 - -2?
1a5
In base 4, what is -21 + 10301?
10220
In base 8, what is -153 - 4?
-157
In base 6, what is 1315 - -2?
1321
In base 13, what is -1 + 18?
17
In base 4, what is -2033 - 3?
-2102
In base 15, what is -cd - -5?
-c8
In base 2, what is 11110010 - 11?
11101111
In base 14, what is 1268 + 2?
126a
In base 16, what is 36 + -a?
2c
In base 8, what is -15 + -26?
-43
In base 3, what is 21 + -201?
-110
In base 11, what is -59 - 19?
-77
In base 11, what is -325 - -3?
-322
In base 9, what is -10 + 400?
380
In base 8, what is -130 + -33?
-163
In base 6, what is -33 - -2131?
2054
In base 16, what is 0 - -6c3?
6c3
In base 7, what is 1 - -154?
155
In base 6, what is 3 - -42?
45
In base 4, what is 10 - -10000?
10010
In base 7, what is 10561 - -3?
10564
In base 11, what is 91 - 7?
85
In base 14, what is 0 - bca?
-bca
In base 4, what is -21 - -1032?
1011
In base 15, what is 3 - 45?
-42
In base 16, what is 0 - -4c3?
4c3
In base 8, what is 70 + 5?
75
In base 16, what is -48 - 5?
-4d
In base 6, what is 45 - -4?
53
In base 4, what is 11 - 1313?
-1302
In base 12, what is -1a - -70?
52
In base 9, what is 3 - -167?
171
In base 8, what is 6 + -430?
-422
In base 2, what is -11 - 1100001?
-1100100
In base 5, what is -3213 + -13?
-3231
In base 8, what is -13 + -40?
-53
In base 15, what is -4 - 168?
-16c
In base 7, what is 4 - 50?
-43
In base 7, what is -3162 - -2?
-3160
In base 3, what is -11 - -12022?
12011
In base 15, what is 36 - 4?
32
In base 6, what is -40 + 300?
220
In base 13, what is -290 - 4?
-294
In base 3, what is 2 - -101011?
101020
In base 9, what is 6 + -62?
-55
In base 16, what is -5 + 1ab3?
1aae
In base 7, what is 2 - 301?
-266
In base 11, what is -2 - 41?
-43
In base 16, what is 1 + -22?
-21
In base 2, what is 1000011111 - -100110?
1001000101
In base 16, what is -2 - 7?
-9
In base 12, what is -4 - 259?
-261
In base 10, what is -714 + 1?
-713
In base 10, what is 190 - -3?
193
In base 2, what is -11 - 100100?
-100111
In base 7, what is 4636 - -6?
4645
In base 8, what is -4 - 12?
-16
In base 10, what is -7 + 146?
139
In base 6, what is 333 - -1?
334
In base 7, what is 1 - 2642?
-2641
In base 4, what is 10 + 1223212?
1223222
In base 2, what is -110 - 11?
-1001
In base 15, what is -3a - -e?
-2b
In base 4, what is -2 - -10132?
10130
In base 11, what is -82 - -2?
-80
In base 6, what is -204 - 141?
-345
In base 5, what is -3 - 4?
-12
In base 9, what is -102 - -5?
-86
In base 11, what is -33 - 34?
-67
In base 14, what is 5 + -132?
-12b
In base 12, what is -4 + 96?
92
In base 6, what is -4 - -22?
14
In base 12, what is 343 + 